{"id":892,"date":"2013-11-06T09:05:12","date_gmt":"2013-11-06T09:05:12","guid":{"rendered":"http:\/\/www.nageebgardizi.com\/website\/?page_id=892"},"modified":"2013-11-10T13:11:12","modified_gmt":"2013-11-10T13:11:12","slug":"chanson-damour","status":"publish","type":"page","link":"https:\/\/www.nageebgardizi.com\/website\/?page_id=892","title":{"rendered":"Chanson d&#8217;amour"},"content":{"rendered":"<p><a href=\"http:\/\/www.nageebgardizi.com\/wp-content\/uploads\/2011\/09\/Web_Chanson_72dpi4.jpg\" rel=\"wp-prettyPhoto[g892]\"><img loading=\"lazy\" decoding=\"async\" class=\"alignleft size-medium wp-image-215\" title=\"Web_Chanson_72dpi\" alt=\"\" src=\"http:\/\/www.nageebgardizi.com\/wp-content\/uploads\/2011\/09\/Web_Chanson_72dpi4-211x300.jpg\" width=\"211\" height=\"300\" srcset=\"https:\/\/www.nageebgardizi.com\/wp-content\/uploads\/2011\/09\/Web_Chanson_72dpi4-211x300.jpg 211w, https:\/\/www.nageebgardizi.com\/wp-content\/uploads\/2011\/09\/Web_Chanson_72dpi4.jpg 561w\" sizes=\"auto, (max-width: 211px) 100vw, 211px\" \/><\/a><\/p>\n<p style=\"text-align: justify;\"><strong>\u201eChanson d\u2019amour\u201c \u2013 Ein <a title=\"Konzert\" href=\"http:\/\/www.rhein-erft.tv\/huerth\/burgerhaus-tv-chanson-damour\/\">Konzert<\/a> f\u00fcr die Liebe <\/strong><\/p>\n<p>Was ist Liebe?<\/p>\n<p style=\"text-align: justify;\">Dieser ewigen Frage menschlichen Lebens m\u00f6chte ich mich musikalisch und literarisch widmen. Dieses besonders menschliche Gef\u00fchl bildet, musikalisch und literarisch umrahmt, das thematische Zentrum.<br \/>\nNeben den \u201eHighlights\u201c der Klassischen Musik, wie etwa Beethovens ber\u00fchmter \u201eMondscheinsonate\u201c, Franz Liszts \u201eLiebestraum\u201c, oder Debussys \u201eClair de Lune\u201c, enth\u00e4lt dieses Programm ebenso Musik, welche selten in Klavierabenden zu h\u00f6ren ist. So bilden beispielsweise 5 ausgew\u00e4hlte, und von mir f\u00fcr Klavier Solo bearbeitete Lieder Gabriel Faur\u00e9s, inspiriert von kongenialen franz\u00f6sischen Lyrikern des 19. Jahrhunderts um Paul Verlaine, einen emotionalen Schwerpunkt des Abends.<br \/>\nObwohl jedes der einzelnen Werke verschiedener Epochen zuzuordnen ist, teilen alle Musikst\u00fccke und Dichtungen die Eigenart, die vielschichtigen und komplizierten Facetten der Liebe unterschiedlich in Szene zu setzen. In dieser Musik ergreifen klangliche und lyrische Genies das Wort, um diesem Ursinn allen menschlichen Lebens zu einer neuen klanglichen Tiefendimension zu verhelfen. Es sind dies allesamt gleicherma\u00dfen intime Klangbriefe, in welchen sich die gro\u00dfen Komponisten ferner Zeiten in ihren seelischen Abgr\u00fcnden den Menschen des 21. Jahrhunderts auf eine \u00e4u\u00dferst subtile Art und Weise offenbaren.<\/p>\n<p>(Text: Nageeb Gardizi)<\/p>\n","protected":false},"excerpt":{"rendered":"<p>\u201eChanson d\u2019amour\u201c \u2013 Ein Konzert f\u00fcr die Liebe Was ist Liebe? Dieser ewigen Frage menschlichen Lebens m\u00f6chte ich mich musikalisch und literarisch widmen. Dieses besonders menschliche Gef\u00fchl bildet, musikalisch und literarisch umrahmt, das thematische Zentrum. Neben den \u201eHighlights\u201c der Klassischen Musik, wie etwa Beethovens ber\u00fchmter \u201eMondscheinsonate\u201c, Franz Liszts \u201eLiebestraum\u201c, oder Debussys \u201eClair de Lune\u201c, enth\u00e4lt [&hellip;]<\/p>\n","protected":false},"author":4,"featured_media":0,"parent":0,"menu_order":0,"comment_status":"open","ping_status":"closed","template":"","meta":{"ngg_post_thumbnail":0,"footnotes":""},"class_list":["post-892","page","type-page","status-publish","hentry"],"_links":{"self":[{"href":"https:\/\/www.nageebgardizi.com\/index.php?rest_route=\/wp\/v2\/pages\/892","targetHints":{"allow":["GET"]}}],"collection":[{"href":"https:\/\/www.nageebgardizi.com\/index.php?rest_route=\/wp\/v2\/pages"}],"about":[{"href":"https:\/\/www.nageebgardizi.com\/index.php?rest_route=\/wp\/v2\/types\/page"}],"author":[{"embeddable":true,"href":"https:\/\/www.nageebgardizi.com\/index.php?rest_route=\/wp\/v2\/users\/4"}],"replies":[{"embeddable":true,"href":"https:\/\/www.nageebgardizi.com\/index.php?rest_route=%2Fwp%2Fv2%2Fcomments&post=892"}],"version-history":[{"count":5,"href":"https:\/\/www.nageebgardizi.com\/index.php?rest_route=\/wp\/v2\/pages\/892\/revisions"}],"predecessor-version":[{"id":899,"href":"https:\/\/www.nageebgardizi.com\/index.php?rest_route=\/wp\/v2\/pages\/892\/revisions\/899"}],"wp:attachment":[{"href":"https:\/\/www.nageebgardizi.com\/index.php?rest_route=%2Fwp%2Fv2%2Fmedia&parent=892"}],"curies":[{"name":"wp","href":"https:\/\/api.w.org\/{rel}","templated":true}]}}