{"id":864,"date":"2013-10-22T21:23:20","date_gmt":"2013-10-22T21:23:20","guid":{"rendered":"http:\/\/www.nageebgardizi.com\/website\/?page_id=864"},"modified":"2015-12-31T10:20:20","modified_gmt":"2015-12-31T10:20:20","slug":"beethoveniana-2014","status":"publish","type":"page","link":"https:\/\/www.nageebgardizi.com\/website\/?page_id=864","title":{"rendered":"Beethoveniana"},"content":{"rendered":"<p><strong>Beethoveniana 2014\/15<\/strong><\/p>\n<p>&nbsp;<\/p>\n<p><img decoding=\"async\" class=\"decoded\" src=\"http:\/\/howtoplaythepiano.org\/wp-content\/uploads\/beethoven-piano-sonata.jpg\" alt=\"http:\/\/howtoplaythepiano.org\/wp-content\/uploads\/beethoven-piano-sonata.jpg\" \/><\/p>\n<p>Jaja, nun ist es doch noch soweit gekommen: Nageeb macht eine Weltreise. Und wohin? Es geht in die Gebirge, in die T\u00e4ler, in die Steppe. In die Quelle, in den Ozean, in den schier unendlichen Kosmos eines echten Ludwig van Beethoven. Ob Nageeb den alten Ludwig am Ende mit nach Indien nehmen kann? Beide werden einander auf dieser langen Reise \u00fcber die 32 Kontinente von &#8218;Terra Beethoveniensis&#8216; kennenlernen, beide werden Gespr\u00e4che f\u00fchren, beide werden suchen und beide werden finden, wonach sie gesucht haben. Es werden Jahre vergehen&#8230;<\/p>\n<p>&nbsp;<\/p>\n<p>Wer diese gro\u00dfe Zeitreise begleiten will, schlie\u00dfe sich uns in Krefeld an. Hier schon mal die ersten Abfahrtsdaten:<\/p>\n<p>&nbsp;<\/p>\n<p><strong>Evangelische Pauluskirche Krefeld, Moritzplatz,\u00a0 47803 Krefeld, Nageeb&#8217;s Einf\u00fchrungen beginnen immer um 17.30h, Beethoven &amp; seine Musik immer um 18.03h<br \/>\n<\/strong><\/p>\n<p>&nbsp;<\/p>\n<p><strong>Beethoveniana 2014<\/strong><\/p>\n<p>&nbsp;<\/p>\n<p>06. April:\u00a0 <a href=\"https:\/\/www.youtube.com\/watch?v=R8_TF_443iA\">op. 2<\/a><\/p>\n<p>04. Mai:\u00a0\u00a0 opp. 7 &amp; 13 (&#8218;Path\u00e9tique&#8216;)<\/p>\n<p>01. Juni:\u00a0 <a href=\"https:\/\/www.youtube.com\/watch?v=zhYiXSQNpJY\">op. 10<\/a><\/p>\n<p>07. September: opp. <a href=\"https:\/\/www.youtube.com\/watch?v=m94JRfNJ3pI\">14<\/a>, <a href=\"https:\/\/www.youtube.com\/watch?v=kgSMszBUI7k\">49<\/a>, <a href=\"https:\/\/www.youtube.com\/watch?v=ETzkdsV9jNE\">22<\/a><\/p>\n<p>03. Oktober:\u00a0 opp. 26, 27 (&#8218;quasi una Fantasia&#8216;) &amp; 28 (&#8218;Pastorale&#8216;)<\/p>\n<p>30. November: op. <a href=\"https:\/\/www.youtube.com\/watch?v=Z0V9s4Q0Pnk\">31<\/a><\/p>\n<p>&nbsp;<\/p>\n<p>&nbsp;<\/p>\n<p>Kurze Verschnaufpause &#8211; weiter geht die Reise. Neue Abfahrtszeiten ab 2015:<\/p>\n<p>&nbsp;<\/p>\n<p><strong>Beethoveniana 2015<\/strong><\/p>\n<p>&nbsp;<\/p>\n<p>08. M\u00e4rz: <a href=\"https:\/\/www.youtube.com\/watch?v=GL7_1vb9dzY\">op. 53 (&#8218;Waldstein&#8216;)<\/a>, <a href=\"https:\/\/www.youtube.com\/watch?v=k9gQhiqcenU\">op. 54<\/a> &amp; <a href=\"https:\/\/www.youtube.com\/watch?v=QbAnzF6XIu4\">op. 57 (&#8218;Appassionata&#8216;)<\/a><\/p>\n<p>10. Mai:\u00a0\u00a0\u00a0 opp. <a href=\"https:\/\/www.youtube.com\/watch?v=2VB5qq5JItY\">78<\/a>, <a href=\"https:\/\/www.youtube.com\/watch?v=R6vOZwvedoQ\">79<\/a>, <a href=\"https:\/\/www.youtube.com\/watch?v=0pZX0FZiT_g\">81a (&#8218;Les Adieux&#8216;)<\/a><\/p>\n<p>14. Juni:\u00a0 opp. <a href=\"https:\/\/www.youtube.com\/watch?v=TNAJdu9NUiM\">90<\/a> &amp; <a href=\"https:\/\/www.youtube.com\/watch?v=C_TbfqHzXxU\">101<\/a><\/p>\n<p>06. September:\u00a0 op. 106 (&#8218;H\u00e4mmerklawier&#8216;)<\/p>\n<p><a href=\"https:\/\/www.youtube.com\/watch?v=q-SvLbJLPuA\">Allegro. <\/a>\u00a0\u00a0\u00a0 <a href=\"https:\/\/www.youtube.com\/watch?v=O19Fx6aE0b8\">Scherzo.<\/a>\u00a0\u00a0\u00a0\u00a0 <a href=\"https:\/\/www.youtube.com\/watch?v=k5YMYs6DRXc\">Adagio.<\/a>\u00a0\u00a0\u00a0\u00a0 <a href=\"https:\/\/www.youtube.com\/watch?v=FKG7JLikpnY\">Introduzione e Fuga \u00e1 3<\/a><\/p>\n<p>01. November:\u00a0 opp. 109, 110 &amp; 111<\/p>\n<p>&nbsp;<\/p>\n<p>&nbsp;<\/p>\n<p>&nbsp;<\/p>\n<p>Dies war der 1ste Streich. Wie es weitergeht? Das wird wohl das Schicksal zeigen, was immerzu an den Klavierdeckel klopft&#8230;;-)<\/p>\n<p>&nbsp;<\/p>\n<p>&nbsp;<\/p>\n<p>&nbsp;<\/p>\n<p>&nbsp;<\/p>\n<p>&nbsp;<\/p>\n","protected":false},"excerpt":{"rendered":"<p>Beethoveniana 2014\/15 &nbsp; Jaja, nun ist es doch noch soweit gekommen: Nageeb macht eine Weltreise. Und wohin? Es geht in die Gebirge, in die T\u00e4ler, in die Steppe. In die Quelle, in den Ozean, in den schier unendlichen Kosmos eines echten Ludwig van Beethoven. Ob Nageeb den alten Ludwig am Ende mit nach Indien nehmen [&hellip;]<\/p>\n","protected":false},"author":4,"featured_media":0,"parent":0,"menu_order":0,"comment_status":"open","ping_status":"closed","template":"","meta":{"ngg_post_thumbnail":0,"footnotes":""},"class_list":["post-864","page","type-page","status-publish","hentry"],"_links":{"self":[{"href":"https:\/\/www.nageebgardizi.com\/index.php?rest_route=\/wp\/v2\/pages\/864","targetHints":{"allow":["GET"]}}],"collection":[{"href":"https:\/\/www.nageebgardizi.com\/index.php?rest_route=\/wp\/v2\/pages"}],"about":[{"href":"https:\/\/www.nageebgardizi.com\/index.php?rest_route=\/wp\/v2\/types\/page"}],"author":[{"embeddable":true,"href":"https:\/\/www.nageebgardizi.com\/index.php?rest_route=\/wp\/v2\/users\/4"}],"replies":[{"embeddable":true,"href":"https:\/\/www.nageebgardizi.com\/index.php?rest_route=%2Fwp%2Fv2%2Fcomments&post=864"}],"version-history":[{"count":31,"href":"https:\/\/www.nageebgardizi.com\/index.php?rest_route=\/wp\/v2\/pages\/864\/revisions"}],"predecessor-version":[{"id":1157,"href":"https:\/\/www.nageebgardizi.com\/index.php?rest_route=\/wp\/v2\/pages\/864\/revisions\/1157"}],"wp:attachment":[{"href":"https:\/\/www.nageebgardizi.com\/index.php?rest_route=%2Fwp%2Fv2%2Fmedia&parent=864"}],"curies":[{"name":"wp","href":"https:\/\/api.w.org\/{rel}","templated":true}]}}