{"id":618,"date":"2012-06-11T08:33:33","date_gmt":"2012-06-11T08:33:33","guid":{"rendered":"http:\/\/www.nageebgardizi.com\/website\/?page_id=618"},"modified":"2012-06-11T08:33:33","modified_gmt":"2012-06-11T08:33:33","slug":"chopin-afghanistan","status":"publish","type":"page","link":"https:\/\/www.nageebgardizi.com\/website\/?page_id=618","title":{"rendered":"Chopin &#038; Afghanistan"},"content":{"rendered":"<p><strong>Chopin und Afghanistan<\/strong><\/p>\n<p style=\"text-align: left;\">Was hat der polnische Komponist und Pianist Fr\u00e9d\u00e9ric Chopin mit Afghanistan, dem fernen Land Zentralasiens zu tun?<\/p>\n<p>Als Konzertpianist afghanischer Herkunft m\u00f6chte ich dieser spannenden Frage, anhand des Komponisten und meiner pers\u00f6nlichen Biographie musikalisch, filmisch und dokumentarisch nachgehen. Viel ist bereits \u00fcber die komplizierte Verflechtung Chopins zu seiner Heimat Polen und seinem Leben in dessen Wahlheimat Frankreich geschrieben, analysiert und untersucht worden. Ausgehend von seinen 4 gro\u00dfen Balladen f\u00fcr Klavier, m\u00f6chte ich\u00a0 den Menschen und Musiker Chopin neu verstehen lernen. Zumal die Entwicklungsstadien dieser 4 Balladen eng mit Chopins stetiger Auseinandersetzung und seiner letztendlich fatalen Losl\u00f6sung von der geliebten Heimat verkn\u00fcpft sind, interessiert es mich, ebenso herauszufinden, was Chopins eigent\u00fcmliche Biographie eines polnischen Exilanten, Anfang des 19. Jahrhunderts, mit seinem im deutschen Exil lebenden afghanischen Interpreten, Anfang des 21. Jahrhunderts, zu tun hat. Bemerkenswert hierbei ist, da\u00df Chopins 4. Ballade 1842, im Jahr der in Afghanistan bis heute ger\u00fchmten Niederschlagung des Ersten Anglo-Afghanischen Krieges, entstand. Es reizt mich, herauszufinden, ob Chopin davon gewu\u00dft hat, und, falls dem so war, wie er dar\u00fcber, als Pole im Exil, gedacht haben mag. Das vielzitierte Gedicht \u201eDas Trauerspiel von Afghanistan\u201c Theodor Fontanes untermauert nochmals die weltweite Brisanz, die dieses Ereignis bereits im 19. Jahrhundert hatte.<\/p>\n<p>F\u00fcr mich enthalten diese 4 Balladen, insbesondere jedoch die 4. Ballade, musikalische Schl\u00fcsselbotschaften zu Chopins innerer, von treibendem Heimweh beschwerter Seelenwelt. Mein Ziel ist es, anhand von Quellenforschung, der Begegnung mit Chopin-Forschern, prominenten Musikerpers\u00f6nlichkeiten, Afghanistan-Experten und vor allem meiner eigenen und sehr pers\u00f6nlichen Auseinandersetzung, den Menschen Chopin, als afghanischer Interpret seiner Werke, neu zu begreifen.<\/p>\n","protected":false},"excerpt":{"rendered":"<p>Chopin und Afghanistan Was hat der polnische Komponist und Pianist Fr\u00e9d\u00e9ric Chopin mit Afghanistan, dem fernen Land Zentralasiens zu tun? Als Konzertpianist afghanischer Herkunft m\u00f6chte ich dieser spannenden Frage, anhand des Komponisten und meiner pers\u00f6nlichen Biographie musikalisch, filmisch und dokumentarisch nachgehen. Viel ist bereits \u00fcber die komplizierte Verflechtung Chopins zu seiner Heimat Polen und seinem [&hellip;]<\/p>\n","protected":false},"author":4,"featured_media":0,"parent":157,"menu_order":0,"comment_status":"open","ping_status":"closed","template":"","meta":{"ngg_post_thumbnail":0,"footnotes":""},"class_list":["post-618","page","type-page","status-publish","hentry"],"_links":{"self":[{"href":"https:\/\/www.nageebgardizi.com\/index.php?rest_route=\/wp\/v2\/pages\/618","targetHints":{"allow":["GET"]}}],"collection":[{"href":"https:\/\/www.nageebgardizi.com\/index.php?rest_route=\/wp\/v2\/pages"}],"about":[{"href":"https:\/\/www.nageebgardizi.com\/index.php?rest_route=\/wp\/v2\/types\/page"}],"author":[{"embeddable":true,"href":"https:\/\/www.nageebgardizi.com\/index.php?rest_route=\/wp\/v2\/users\/4"}],"replies":[{"embeddable":true,"href":"https:\/\/www.nageebgardizi.com\/index.php?rest_route=%2Fwp%2Fv2%2Fcomments&post=618"}],"version-history":[{"count":3,"href":"https:\/\/www.nageebgardizi.com\/index.php?rest_route=\/wp\/v2\/pages\/618\/revisions"}],"predecessor-version":[{"id":621,"href":"https:\/\/www.nageebgardizi.com\/index.php?rest_route=\/wp\/v2\/pages\/618\/revisions\/621"}],"up":[{"embeddable":true,"href":"https:\/\/www.nageebgardizi.com\/index.php?rest_route=\/wp\/v2\/pages\/157"}],"wp:attachment":[{"href":"https:\/\/www.nageebgardizi.com\/index.php?rest_route=%2Fwp%2Fv2%2Fmedia&parent=618"}],"curies":[{"name":"wp","href":"https:\/\/api.w.org\/{rel}","templated":true}]}}