{"id":1716,"date":"2022-07-06T17:27:12","date_gmt":"2022-07-06T17:27:12","guid":{"rendered":"https:\/\/www.nageebgardizi.com\/website\/?page_id=1716"},"modified":"2022-12-07T07:51:21","modified_gmt":"2022-12-07T07:51:21","slug":"peregrinus-liszt","status":"publish","type":"page","link":"https:\/\/www.nageebgardizi.com\/website\/?page_id=1716","title":{"rendered":"Ann\u00e9es de P\u00e9l\u00e8rinage &#8211; Peregrinus Liszt"},"content":{"rendered":"<p style=\"text-align: center;\"><a href=\"https:\/\/www.nageebgardizi.com\/wp-content\/uploads\/2022\/07\/Franz-Liszt.jpg\" rel=\"wp-prettyPhoto[g1716]\"><img loading=\"lazy\" decoding=\"async\" class=\"alignnone size-medium wp-image-1795\" src=\"https:\/\/www.nageebgardizi.com\/wp-content\/uploads\/2022\/07\/Franz-Liszt-242x300.jpg\" alt=\"\" width=\"242\" height=\"300\" srcset=\"https:\/\/www.nageebgardizi.com\/wp-content\/uploads\/2022\/07\/Franz-Liszt-242x300.jpg 242w, https:\/\/www.nageebgardizi.com\/wp-content\/uploads\/2022\/07\/Franz-Liszt.jpg 256w\" sizes=\"auto, (max-width: 242px) 100vw, 242px\" \/><\/a><\/p>\n<p>&nbsp;<\/p>\n<p>&nbsp;<\/p>\n<p style=\"text-align: center;\">Wer, oder was war Franz Liszt? Ein Name im Leben eines angsterf\u00fcllten Traumes von Geborgenheit &amp; Gl\u00fcck.<\/p>\n<p style=\"text-align: center;\">Warum mu\u00dfte es ihn geben? Geboren &amp; aufgewachsen im Herzen der Verzweiflung &amp; gr\u00f6\u00dfter Unsicherheit, erhielt er den g\u00f6ttlichen Auftrag, au\u00dferordentliches zu schaffen, um zu sich selbst zu finden, um Mensch zu werden.<\/p>\n<p style=\"text-align: center;\">Wohin pilgert Liszt? Alles begann mit dem Wunsch, Priester zu werden. Dem Tal verlustreicher Jugendtr\u00e4nen entfliehend, f\u00e4llt er bald in die tiefen Schluchten hei\u00dfer Begierden &amp; kalter Entt\u00e4uschungen. Im lebenslangen Zwiegesang mit den 4 Elementen &#8211; getrieben in der W\u00fcste eigener Unsterblichkeit, besch\u00fctzt von g\u00f6ttlicher Einsamkeit &#8211; findet der fragende, der sehende, der schmerzhaft wachsende, der kraftvoll sich \u00fcberwindende Peregrinus jedoch, Jahr um Jahr, unerschrocken in seinen Ursprung zur\u00fcck.<\/p>\n<p style=\"text-align: center;\">&nbsp;<\/p>\n<p style=\"text-align: center;\">Nageeb zieht es mit dem noblen Barden Franz Liszt auf Wanderschaft. Er m\u00f6chte ihn auf dieser riskanten Reise endlich einmal in allen Dimensionen &amp; aller Wahrhaftigkeit kennenlernen. Kommt alle mit, wir werden mit ihm zueinander finden!<\/p>\n<p>&nbsp;<\/p>\n<p>&nbsp;<\/p>\n<p style=\"text-align: center;\"><strong>Klangzentrum: Pauluskirche, Moritzplatz, 47803 Krefeld<\/strong><\/p>\n<p style=\"text-align: center;\"><strong>Einf\u00fchrung: 17.30h, Konzertbeginn: 18h<\/strong><\/p>\n<p>&nbsp;<\/p>\n<p style=\"text-align: center;\">&nbsp;<\/p>\n<p style=\"text-align: center;\">Franz Liszt<\/p>\n<p style=\"text-align: center;\">(1811 &#8211; 1886)<\/p>\n<p style=\"text-align: center;\"><em><strong>Ann\u00e9es de P\u00e9l\u00e8rinage<\/strong><\/em><\/p>\n<p>&nbsp;<\/p>\n<p>&nbsp;<\/p>\n<p style=\"text-align: center;\"><strong>28.08.&#8217;22<\/strong><\/p>\n<p style=\"text-align: center;\"><em><a href=\"https:\/\/youtu.be\/UAXmkjXXmj4\">Premi\u00e8re Ann\u00e9e: Suisse, S. 160<\/a> <\/em><\/p>\n<p style=\"text-align: center;\"><em>(1848 &#8211; 54, erschienen 1855)<\/em><\/p>\n<p>&nbsp;<\/p>\n<p style=\"text-align: center;\">La Chapelle de Guillaume Tell.&nbsp; Au lac de Wallenstadt.&nbsp; Pastorale.&nbsp;<\/p>\n<p style=\"text-align: center;\">Au bord d&#8217;un source.&nbsp; Orage.&nbsp;<\/p>\n<p style=\"text-align: center;\">Vall\u00e9e d&#8217;Obermann.&nbsp;<\/p>\n<p style=\"text-align: center;\">\u00c9glogue.&nbsp; Le mal du pays.&nbsp; Les cloches de Gen\u00e8ve.<\/p>\n<p>&nbsp;<\/p>\n<p style=\"text-align: center;\">&nbsp;<\/p>\n<p>&nbsp;<\/p>\n<p style=\"text-align: center;\"><strong>16.10.&#8217;22<\/strong><\/p>\n<p style=\"text-align: center;\"><em><a href=\"https:\/\/youtu.be\/PHxVQ0Zs2rc\">Deuxi\u00e8me Ann\u00e9e: Italie, S. 161<\/a><br \/>\n<\/em><\/p>\n<p style=\"text-align: center;\"><em>(1837 &#8211; 49, erschienen 1858)<\/em><\/p>\n<p>&nbsp;<\/p>\n<p style=\"text-align: center;\">Sposalizio.&nbsp; Il Penseroso.&nbsp; Canzonetta del Salvatore Rosa.&nbsp;<\/p>\n<p style=\"text-align: center;\">Sonetti 47, 104 &amp; 123 del Petrarca.&nbsp;<\/p>\n<p style=\"text-align: center;\">Apr\u00e9s un l\u00e9cture du Dante &#8211; Fantasia quasi Sonata.<\/p>\n<p>&nbsp;<\/p>\n<p>&nbsp;<\/p>\n<p>&nbsp;<\/p>\n<p style=\"text-align: center;\"><strong>20.11.&#8217;22<\/strong><\/p>\n<p style=\"text-align: center;\"><em><a href=\"https:\/\/youtu.be\/1xdD3mnmQLo\">Troisi\u00e8me Ann\u00e9e, S. 163<\/a><br \/>\n<\/em><\/p>\n<p style=\"text-align: center;\"><em>(1867 &#8211; 77, erschienen 1883)<\/em><\/p>\n<p>&nbsp;<\/p>\n<p style=\"text-align: center;\">Ang\u00e9lus! &#8211; Pri\u00e8re aux Anges gardiens.&nbsp;<\/p>\n<p style=\"text-align: center;\">Thr\u00e9nodie: Aux Cypr\u00e9s de la Villa d&#8217;Este (I).&nbsp;<\/p>\n<p style=\"text-align: center;\">Thr\u00e9nodie: Aux Cypr\u00e9s de la Villa d&#8217;Este (II).<\/p>\n<p style=\"text-align: center;\">Les Jeux d&#8217;Eaux \u00e1 la Villa d&#8217;Este.&nbsp;<\/p>\n<p style=\"text-align: center;\">Sunt lacrymae rerum &#8211; en mode hongrois.&nbsp;<\/p>\n<p style=\"text-align: center;\">Marche fun\u00e8bre: en m\u00e9moire de Maximilien I., Emp\u00e9reur du M\u00e9xique.&nbsp;<\/p>\n<p style=\"text-align: center;\">Sursum corda! &#8211; Erhebet Eure Herzen!<\/p>\n<p>&nbsp;<\/p>\n<p style=\"text-align: center;\">&nbsp;<\/p>\n<p style=\"text-align: center;\">&nbsp;<\/p>\n<p style=\"text-align: center;\">&nbsp;<\/p>\n","protected":false},"excerpt":{"rendered":"<p>&nbsp; &nbsp; Wer, oder was war Franz Liszt? Ein Name im Leben eines angsterf\u00fcllten Traumes von Geborgenheit &amp; Gl\u00fcck. Warum mu\u00dfte es ihn geben? Geboren &amp; aufgewachsen im Herzen der Verzweiflung &amp; gr\u00f6\u00dfter Unsicherheit, erhielt er den g\u00f6ttlichen Auftrag, au\u00dferordentliches zu schaffen, um zu sich selbst zu finden, um Mensch zu werden. Wohin pilgert Liszt? [&hellip;]<\/p>\n","protected":false},"author":4,"featured_media":0,"parent":1016,"menu_order":0,"comment_status":"closed","ping_status":"closed","template":"","meta":{"ngg_post_thumbnail":0,"footnotes":""},"class_list":["post-1716","page","type-page","status-publish","hentry"],"_links":{"self":[{"href":"https:\/\/www.nageebgardizi.com\/index.php?rest_route=\/wp\/v2\/pages\/1716","targetHints":{"allow":["GET"]}}],"collection":[{"href":"https:\/\/www.nageebgardizi.com\/index.php?rest_route=\/wp\/v2\/pages"}],"about":[{"href":"https:\/\/www.nageebgardizi.com\/index.php?rest_route=\/wp\/v2\/types\/page"}],"author":[{"embeddable":true,"href":"https:\/\/www.nageebgardizi.com\/index.php?rest_route=\/wp\/v2\/users\/4"}],"replies":[{"embeddable":true,"href":"https:\/\/www.nageebgardizi.com\/index.php?rest_route=%2Fwp%2Fv2%2Fcomments&post=1716"}],"version-history":[{"count":25,"href":"https:\/\/www.nageebgardizi.com\/index.php?rest_route=\/wp\/v2\/pages\/1716\/revisions"}],"predecessor-version":[{"id":1867,"href":"https:\/\/www.nageebgardizi.com\/index.php?rest_route=\/wp\/v2\/pages\/1716\/revisions\/1867"}],"up":[{"embeddable":true,"href":"https:\/\/www.nageebgardizi.com\/index.php?rest_route=\/wp\/v2\/pages\/1016"}],"wp:attachment":[{"href":"https:\/\/www.nageebgardizi.com\/index.php?rest_route=%2Fwp%2Fv2%2Fmedia&parent=1716"}],"curies":[{"name":"wp","href":"https:\/\/api.w.org\/{rel}","templated":true}]}}