{"id":1653,"date":"2021-07-16T08:00:19","date_gmt":"2021-07-16T08:00:19","guid":{"rendered":"https:\/\/www.nageebgardizi.com\/website\/?page_id=1653"},"modified":"2023-11-20T22:19:24","modified_gmt":"2023-11-20T22:19:24","slug":"cecile-chaminade","status":"publish","type":"page","link":"https:\/\/www.nageebgardizi.com\/website\/?page_id=1653","title":{"rendered":"C\u00e9cile Chaminade"},"content":{"rendered":"<p><a href=\"https:\/\/www.nageebgardizi.com\/website\/?attachment_id=1656\" rel=\"attachment wp-att-1656\"><img loading=\"lazy\" decoding=\"async\" class=\"alignleft size-medium wp-image-1656\" src=\"https:\/\/www.nageebgardizi.com\/wp-content\/uploads\/2021\/07\/Cecile_chaminade-190x300.jpg\" alt=\"\" width=\"190\" height=\"300\" srcset=\"https:\/\/www.nageebgardizi.com\/wp-content\/uploads\/2021\/07\/Cecile_chaminade-190x300.jpg 190w, https:\/\/www.nageebgardizi.com\/wp-content\/uploads\/2021\/07\/Cecile_chaminade-647x1024.jpg 647w, https:\/\/www.nageebgardizi.com\/wp-content\/uploads\/2021\/07\/Cecile_chaminade-768x1215.jpg 768w, https:\/\/www.nageebgardizi.com\/wp-content\/uploads\/2021\/07\/Cecile_chaminade-971x1536.jpg 971w, https:\/\/www.nageebgardizi.com\/wp-content\/uploads\/2021\/07\/Cecile_chaminade-1294x2048.jpg 1294w, https:\/\/www.nageebgardizi.com\/wp-content\/uploads\/2021\/07\/Cecile_chaminade.jpg 1449w\" sizes=\"auto, (max-width: 190px) 100vw, 190px\" \/><\/a><\/p>\n<p>In Zeiten pandemischer Irrungen &amp; Wirrungen wurde Nageeb ein besonders Gl\u00fcck zuteil, welches er mit Euch allen teilen m\u00f6chte.<\/p>\n<p>Selten geschieht es in nur einem Leben, da\u00df ein Mann einer Frau begegnet (oder eben auch vice versa), um zu bleiben.<\/p>\n<p>&nbsp;<\/p>\n<p>&nbsp;<\/p>\n<p>Ist es m\u00f6glich, da\u00df Mann &amp; Frau sich in einem Menschen vereinen?<\/p>\n<p>Kann Trauer sich mit Freude verm\u00e4hlen &amp; zumindest eine melodische Einheit bilden, ohne dabei leiden zu m\u00fc\u00dfen?<\/p>\n<p>Was bedeutet Erhabenheit, wenn Wandel ausl\u00f6scht?<\/p>\n<p>Worin besteht der Lebenskompa\u00df, wenn das Individuum Mensch orientierungslos wird?<\/p>\n<p>&nbsp;<\/p>\n<p>Freude &amp; ewige Jugend! Kerzenlicht heiliger Einzigartigkeit!<\/p>\n<p>&nbsp;<\/p>\n<p>Wahrhaftig: C\u00e9cile Chaminade ist noch immer, wie sie selbst einmal sagte, &#8218;die Priesterin, die Vestalin der Musik&#8216;.<\/p>\n<p>Nageeb hat in ihr eine Kraft &amp; Weisheit gefunden, welche alle qu\u00e4lenden Fragen beantworten kann. Vielleicht geht es Euch ja \u00e4hnlich?<\/p>\n<p>&nbsp;<\/p>\n<p>Ihre Botschaft bleibt unvergessen, liebevoll, zeitlos &amp; universell.&nbsp;<\/p>\n<p>So viel Strahlkraft &amp; Erhabenheit m\u00f6chte Nageeb nicht nur f\u00fcr sich behalten&#8230;<\/p>\n<p>La\u00dft uns ihre Musik feiern, vielleicht schon bald in Konzerten, diesem heilvollen Licht zu Ehren.<\/p>\n<p>&nbsp;<\/p>\n<p>&nbsp;<\/p>\n<p>&nbsp;<\/p>\n<p><strong>&#8218;Salon Chaminade&#8216; 2023<\/strong><\/p>\n<p>&nbsp;<\/p>\n<p>&nbsp;<\/p>\n<p><strong>23.04.<\/strong><\/p>\n<p><em>Arioso (dolente?)<\/em><\/p>\n<p>&nbsp;<\/p>\n<p>C\u00e9cile Chaminade<\/p>\n<p><a href=\"https:\/\/youtu.be\/Ogw4NcT6LjE\">Tristesse, op. 104<\/a><\/p>\n<p>&nbsp;<\/p>\n<p><a href=\"https:\/\/youtu.be\/7CkVYQvAKOQ\">Deux Morceaux pour Piano, op. 27<\/a><\/p>\n<p><em>Duetto &amp; Zingara.<\/em><\/p>\n<p>&nbsp;<\/p>\n<p>J.S. Bach<\/p>\n<p>(1685 &#8211; 1750)<\/p>\n<p><a href=\"https:\/\/youtu.be\/vzwYGOhaeso\">Aria variata alla manera Italiana, BWV 989<\/a><\/p>\n<p>&nbsp;<\/p>\n<p>C\u00e9cile Chaminade<\/p>\n<p><a href=\"https:\/\/youtu.be\/g1rfBGGGvLI\">6 Romances sans Paroles, op. 76<\/a><\/p>\n<p><em>Souvenance.&nbsp; \u00c9l\u00e9vation.&nbsp; Idylle.&nbsp; \u00c9glogue. Chanson Br\u00e9tonne.&nbsp; M\u00e9ditation.&nbsp;<\/em><\/p>\n<p>&nbsp;<\/p>\n<p>J.S. Bach<\/p>\n<p><a href=\"https:\/\/youtu.be\/X27EhZFCJ2s\">Praeludium &amp; Fuga in b-moll, BWV 867<\/a><\/p>\n<p>aus: <em>&#8218;Das Wohltemperirte Clavier (I)&#8216;<\/em><\/p>\n<p>&nbsp;<\/p>\n<p>C\u00e9cile Chaminade<\/p>\n<p><a href=\"https:\/\/youtu.be\/yS3K2ZLT_y4\">3 Pr\u00e9ludes M\u00e9lodiques, op. 84<\/a><\/p>\n<p>Allegro moderato.&nbsp; Andante con moto e molto appassionato.<\/p>\n<p>Allegro moderato.<\/p>\n<p>&nbsp;<\/p>\n<p>&nbsp;<\/p>\n<p><strong>21.05.<\/strong><\/p>\n<p><em>&#8218;Charakterstudien&#8216;<\/em><\/p>\n<p>&nbsp;<\/p>\n<p>Joaqu\u00edn Tur\u00edna<\/p>\n<p>(1882 &#8211; 1949)<\/p>\n<p><a href=\"https:\/\/youtu.be\/kmihYFa7NoY\">Muj\u00e8res de Sevilla, op. 89<\/a> (1935)<\/p>\n<p><em>La alfarera de Triana. La Mocita del Barrio. La Macarena de Garbo.<\/em><\/p>\n<p><em>La Cigarrera Traviesa. Mantillas y Peinetas.<\/em><\/p>\n<p>&nbsp;<\/p>\n<p>C\u00e9cile Chaminade<\/p>\n<p>Deux Morceaux, op. 25<\/p>\n<p><em>M\u00e9lancolie &amp; Humoresque<\/em><\/p>\n<p>&nbsp;<\/p>\n<p><em><a href=\"https:\/\/youtu.be\/unkQPp-0_Go\">6 Pi\u00e9ces Humoristiques, op. 87<\/a><br \/>\n<\/em><\/p>\n<p>R\u00e9veil. Sous Bois. Inqui\u00e9tude. Autrefois. Consolation. Norw\u00e9gienne.<\/p>\n<p>&nbsp;<\/p>\n<p><em>Deux Caprices Espagnoles<\/em>: <a href=\"https:\/\/youtu.be\/LdQ6PE3LFF0\">La Morena, op. 67<\/a>;&nbsp; Lolita, op. 54<\/p>\n<p>&nbsp;<\/p>\n<p><a href=\"https:\/\/youtu.be\/tU77JAatZVA\">Scaramouche, op. 56<\/a>; Caprice Humoristique, op. 113; Agitato, op. 108; <a href=\"https:\/\/youtu.be\/6XuNt1yDaGw\">Caprice-Imprompt\u00fa, op. 153<\/a><\/p>\n<p>&nbsp;<\/p>\n<p>Albert Chandelier<\/p>\n<p>(1872 &#8211; 1952)<\/p>\n<p>&#8218;Dans la Ros\u00e9e&#8216;<\/p>\n<p>aus: <em>Deux Pi\u00e8ces charact\u00e9ristiques<\/em> (~ 1904, C\u00e9cile Chaminade gewidmet)<\/p>\n<p>&nbsp;<\/p>\n<p>&nbsp;<\/p>\n<p><strong>13.08.<\/strong><\/p>\n<p><em>&#8218;Farbwerk&#8216;-&#8218;mon p\u00e9tit Mozart&#8216;<\/em><\/p>\n<p>&nbsp;<\/p>\n<p>Wolfgang Amad\u00e9 Mozart&nbsp;<\/p>\n<p><a href=\"https:\/\/youtu.be\/gNMkbBVPHN0\">Phantasie in c-moll, KV 475 (1784)<\/a><\/p>\n<p>&nbsp;<\/p>\n<p>Georges Bizet<\/p>\n<p><a href=\"https:\/\/youtu.be\/c6nHn0m9R_E\">Premier Nocturne en R\u00e9 Majeur (1868)<\/a><\/p>\n<p>&nbsp;<\/p>\n<p>C\u00e9cile Chaminade<\/p>\n<p><a href=\"https:\/\/youtu.be\/m3cBeK38j-4\">Presto, op. 2<\/a>; <a href=\"https:\/\/youtu.be\/nOx2vLSGCOc\">Barcarolle, op. 7<\/a>; Marine, op. 38;&nbsp; <a href=\"https:\/\/youtu.be\/EpoQiLm5M1w\">Contes Bleus, op. 122<\/a>;<\/p>\n<p><a href=\"https:\/\/youtu.be\/ImN_0qR6pXs\">Vert-Galant, op. 85<\/a>;&nbsp; Les Willis, op. 42;<\/p>\n<p>Cort\u00e8ge &#8211; Fragment pour piano, op. 143<\/p>\n<p>&nbsp;<\/p>\n<p><a href=\"https:\/\/youtu.be\/76Ndbgc-pgw\"><em>Feuillets d&#8217;Album, op. 98<\/em><\/a><\/p>\n<p>Prom\u00e9nade. Scherzetto. \u00c9l\u00e9gie. Valse-Arabesque. Chanson Russe.<\/p>\n<p>Rondo-All\u00e9gre.<\/p>\n<p>&nbsp;<\/p>\n<p>&nbsp;<\/p>\n<p>&nbsp;<\/p>\n<p><strong>17.09.<\/strong><\/p>\n<p><em>&#8218;Fu\u00dfwerk&#8216;<\/em><\/p>\n<p>&nbsp;<\/p>\n<p>Jean Philippe Rameau<\/p>\n<p>(1683-1764)<\/p>\n<p><a href=\"https:\/\/youtu.be\/rHwEPtNqToU\">&#8218;Le V\u00e9zinet&#8216;<\/a><\/p>\n<p>&nbsp;<\/p>\n<p>C\u00e9cile Chaminade<\/p>\n<p>Gigue, op. 43; \u00c9cossaise, op. 151; <a href=\"https:\/\/youtu.be\/nmGBv5K0rz4\">Danse Cr\u00e9ole, op. 94<\/a><\/p>\n<p>&nbsp;<\/p>\n<p>Louis Moreau Gottschalk<\/p>\n<p>(1829-1869)<\/p>\n<p>&#8218;Souvenir de Porto Rico&#8216; &#8211; Marche de Gibaros, op. 31 (1857-59)<\/p>\n<p>&nbsp;<\/p>\n<p>C\u00e9cile Chaminade<\/p>\n<p><em>Airs de ballet<\/em>: op. 30; <a href=\"https:\/\/youtu.be\/7Dd0-rfxn9g\">op. 51 (&#8218;La Livry&#8216;)<\/a><\/p>\n<p><em>Gavottes<\/em>: <a href=\"https:\/\/youtu.be\/c1s2itJOjbo\">Deuxi\u00e8me Gavotte, op. 121<\/a>; <a href=\"https:\/\/youtu.be\/9R-eQ0f1ywQ\">Cinqui\u00e8me Gavotte, op. 162<\/a><\/p>\n<p>&nbsp;<\/p>\n<p>Padre Ant\u00f3nio Soler<\/p>\n<p>(1729-1783)<\/p>\n<p><a href=\"https:\/\/youtu.be\/3TCSQAOFO8I\">&#8218;Fandango&#8216;<\/a><\/p>\n<p>&nbsp;<\/p>\n<p>C\u00e9cile Chaminade<\/p>\n<p><a href=\"https:\/\/youtu.be\/oy9A-70i2Gc\"><em>3 Danses Anciennes, op. 95<\/em><\/a><\/p>\n<p>Passepied. Pavane. Courante.<\/p>\n<p>&nbsp;<\/p>\n<p><em>Valses<\/em>: Deuxi\u00e8me Valse, op. 77; <a href=\"https:\/\/youtu.be\/UiVCGdOuLBw\">Quatri\u00e8me Valse, op. 91<\/a><\/p>\n<p>&nbsp;<\/p>\n<p>&nbsp;<\/p>\n<p><strong>22.10.<\/strong><\/p>\n<p><em>&#8218;Licht &amp; Schatten&#8216;<\/em><\/p>\n<p>&nbsp;<\/p>\n<p>&nbsp;<\/p>\n<p>Benjamin Godard: R\u00eave V\u00e9cu, op. 140 (1893)<\/p>\n<p>(1849-1895)<\/p>\n<p>&nbsp;<\/p>\n<p>C\u00e9cile Chaminade: <a href=\"https:\/\/youtu.be\/nAZzvkkQqK4\">Rimembranza, op. 88<\/a>; Pastorale, op. 114;<\/p>\n<p>&nbsp;<\/p>\n<p>C\u00e9sar Franck: <a href=\"https:\/\/youtu.be\/nsYX04yxXog\">\u00c9glogue, op. 3 (1843)<\/a>;<\/p>\n<p>(1822-1890)<\/p>\n<p>&nbsp;<\/p>\n<p>C\u00e9cile Chaminade:&nbsp; Du Pays Devast\u00e9, op. 155 (1919);<\/p>\n<p>Chanson N\u00e8gre, op. 161; <a href=\"https:\/\/youtu.be\/4X0mSf4ckLk\">Romanesca, op. 163<\/a>; <a href=\"https:\/\/youtu.be\/PwO7wlRytxs\">Dans l&#8217;Ar\u00e8ne, op. 168<\/a>;&nbsp;<\/p>\n<p>&nbsp;<\/p>\n<p>Hildegard von Bingen: <a href=\"https:\/\/youtu.be\/jwXhPfWFTk4\">Responsorium &#8218;O Clarissima Mater&#8216; <\/a>(~1176)<\/p>\n<p>(1098-1179)<\/p>\n<p>&nbsp;<\/p>\n<p>C\u00e9cile Chaminade:&nbsp; Pr\u00e9lude pour Orgue, op. 78<\/p>\n<p>&nbsp;<\/p>\n<p>&nbsp;<\/p>\n<p>&nbsp;<\/p>\n<p>&nbsp;<\/p>\n<p><em><strong>Mme Chaminade in Bochum!<\/strong><\/em><\/p>\n<p>Nach einem Besuch des Bonner Beethoven-Hauses hatte es das Rheinland Mme Chaminade tats\u00e4chlich angetan. Nun wird ihrer Musik ein weiteres Gl\u00fcck zuteil. Mithilfe der gro\u00dfz\u00fcgigen Unterst\u00fctzung der &#8218;Kunstwerkstatt am Hellweg&#8216; wird es zu einem Gipfeltreffen zweier Musiker kommen, welche Krieg &amp; Trauma unterschiedlicher nicht verarbeiten konnten.&nbsp;<\/p>\n<p>Der junge &amp; \u00e4u\u00dferst nerv\u00f6se russische Komponist Alexander Mossolow trifft auf C\u00e9cile Chaminade. Kennengelernt haben sie sich nie, musikalisch trennen sie Welten &#8211; so scheint es aber nur&#8230; Sie lebten im st\u00e4ndigen Umbruch, doch liebten sie beide wahrhaftig, &amp; zwar nicht nur in ihrer Affektenwelt.<\/p>\n<p>La\u00dft Euch dieses besondere Paar nicht entgehen!<\/p>\n<p>&nbsp;<\/p>\n<p><strong>05. &amp; 07.05. &#8217;23, <\/strong><\/p>\n<p><strong>19.30h &amp; 16h<br \/>\n<\/strong><\/p>\n<p><em>C\u00e9cile Chaminade &amp; Alexander Mossolov &#8211; en r\u00eave&#8230;<\/em><\/p>\n<p>&nbsp;<\/p>\n<p><strong>Kunstwerkstatt am Hellweg<\/strong><\/p>\n<p><strong>Wattenscheider Hellweg 9, 44869 Bochum<\/strong><\/p>\n<p>&nbsp;<\/p>\n<p>C\u00e9cile Chaminade<\/p>\n<p>Menuet, op. 5 (1878)<\/p>\n<p><a href=\"https:\/\/youtu.be\/wZad9HPCC9E\">Berceuse, op. 6<\/a> (1878)<\/p>\n<p>Libellules, op. 24 (1883)<\/p>\n<p>&nbsp;<\/p>\n<p>L\u00e9gende, op. 90 (1898)<\/p>\n<p><a href=\"https:\/\/youtu.be\/dIqCRWI6YBc\">Au Pays D\u00e9vast\u00e9, op. 155<\/a> (1919)<\/p>\n<p>&nbsp;<\/p>\n<p>&nbsp;<\/p>\n<p>Alexander Mossolov<br \/>\n(1900 &#8211; 1973)<\/p>\n<p><a href=\"https:\/\/youtu.be\/2_oPZF9_SMA\">Deux Nocturnes, op. 15<\/a> (1925)<\/p>\n<p>&nbsp;<\/p>\n<p>&nbsp;<\/p>\n<p>C\u00e9cile Chaminade<\/p>\n<p><a href=\"https:\/\/youtu.be\/czO2AlgHP9M\">Nocturne, op. 165<\/a> (1925)<\/p>\n<p>&nbsp;<\/p>\n<p><em>Six \u00c9tudes de Concert, op. 35 (1885\/86)<br \/>\n<\/em><\/p>\n<p>Scherzo.&nbsp; <a href=\"https:\/\/youtu.be\/9vPuISSgRFc\">Automne.<\/a>&nbsp; Fileuse.&nbsp; Appassionato.&nbsp; <a href=\"https:\/\/youtu.be\/D8m3Z3_TXbo\">Imprompt\u00fa.<\/a>&nbsp; Tarantelle<\/p>\n<p>&nbsp;<\/p>\n<p>&nbsp;<\/p>\n<p><strong>&#8218;Chaminaden&#8216; 2022<\/strong><\/p>\n<p>&nbsp;<\/p>\n<p>Tatsache: Seiner Berufung kommt Nageeb immer ein St\u00fcckchen n\u00e4her&#8230;<\/p>\n<p>Das Jahr 2022 darf n\u00e4mlich mit einem musikalischen Rosengarten beginnen!<\/p>\n<p>In 3 Konzerten wird die Musik eines Menschen erklingen, der &#8211; weiblich umkleidet &#8211; heil- &amp; segenvolles \u00fcber ihre Mitmenschen brachte. Ganz ohne Seelenverwandtschaft geht es aber auch hier nicht;-) Johannes Brahms &amp; auch die Geschwister Mendelssohn spenden die Saat, C\u00e9cile Chaminade den Rosengarten.<\/p>\n<p>Kommt zahlreich, Nageeb freut sich auf jede Begegnung!<\/p>\n<p>&nbsp;<\/p>\n<p><strong>Klangzentrum<\/strong><\/p>\n<p><strong>Pauluskirche, Moritzplatz, 47803 Krefeld<\/strong><\/p>\n<p><strong>17.30h (Einf\u00fchrung), 18h (Konzertbeginn)<\/strong><\/p>\n<p>&nbsp;<\/p>\n<p><strong>24.04.&#8217;22<\/strong><\/p>\n<p><em>&#8218;Sancta Caecilia&#8216;<\/em><\/p>\n<p>Zwei Caecilien begegnen einander im &#8218;Jardin Chaminade&#8217;&#8230; wie sollte es anders sein?<\/p>\n<p>&nbsp;<\/p>\n<p>Fanny Caecilie Hensel<\/p>\n<p>(1805 &#8211; 1847)<\/p>\n<p><a href=\"https:\/\/youtu.be\/f2o1rhOjjr8\">Sonate in A-Dur (&#8218;Ostersonate&#8216;,1828)<\/a><\/p>\n<p>Allegro assai moderato.&nbsp; Largo e molto espressivo.&nbsp; Scherzo: Allegretto.&nbsp; Allegro con strepito.<\/p>\n<p>&nbsp;<\/p>\n<p>C\u00e9cile Chaminade<\/p>\n<p><a href=\"https:\/\/youtu.be\/8mJrdXAsc88\">Po\u00e8mes provenceaux, op. 127 (1906)<\/a><\/p>\n<p>Dans la Lande.&nbsp; Le Pass\u00e9.&nbsp; Solitude.&nbsp; P\u00eacheurs de Nuit.<\/p>\n<p>&nbsp;<\/p>\n<p>Fanny Caecilie Hensel<\/p>\n<p><a href=\"https:\/\/youtu.be\/IQwahPTUSkA\">4 Lieder ohne Worte f\u00fcr das Pianoforte, op. 8 (1850 erschienen)<\/a><\/p>\n<p>Allegro moderato.&nbsp; Andante con espressione.&nbsp; Larghetto.&nbsp; Wanderlied: Presto.<\/p>\n<p>&nbsp;<\/p>\n<p>C\u00e9cile Chaminade<\/p>\n<p><a href=\"https:\/\/youtu.be\/PGxuhsvvK_A\">Sonate en Ut mineur, op. 21 pour Piano (~1895)<\/a><\/p>\n<p>Allegro appassionato.&nbsp; Andante.&nbsp; Allegro.<\/p>\n<p>&nbsp;<\/p>\n<p><a href=\"https:\/\/youtu.be\/qCL8Hsnwl20\">l&#8217;encore&#8230;<\/a><\/p>\n<p>&nbsp;<\/p>\n<p>&nbsp;<\/p>\n<p><strong>22.05.&#8217;22 (Nachholtermin f\u00fcr das ausgefallene Konzert vom 06.03.)<br \/>\n<\/strong><\/p>\n<p>&nbsp;<\/p>\n<p><em>d\u00e9ja-v\u00fa&#8216; &#8211; Brahma, von Rosen umschlungen&#8230;<\/em><\/p>\n<p><a href=\"https:\/\/youtu.be\/E0cGnJR3LxQ\">Brahms&#8216; Clavierst\u00fccke op. 76, umwoben von zarten Klangbl\u00fcten der Rosarin&#8230;<\/a><\/p>\n<p>&nbsp;<\/p>\n<p>Die M\u00e4chte alles Guten haben sich die Cabale in all&#8216; ihrer Dimension anschauen k\u00f6nnen &amp; tats\u00e4chlich bewirkt, da\u00df Nageeb die Hohepriesterin aller Bl\u00fctengew\u00e4chse nun doch in die Krefeldischen &#8218;Heilige Hallen&#8216; geleiten darf.<\/p>\n<p>Sie hat sich zeitlebens selten beirren lassen, ihre Musik l\u00e4\u00dft dies umso weniger zu. So kann dieser einzigartige Moment gl\u00fccklicherweise nunmehr f\u00fcr den &#8218;Wonnemonat&#8216; Mai angek\u00fcndigt werden.<\/p>\n<p>Alles andere liegt&nbsp; in der Unsterblichkeit Zauber&#8230;<\/p>\n<p>&nbsp;<\/p>\n<p>&nbsp;<\/p>\n<p>&nbsp;<\/p>\n<p><strong>19.06.&#8217;22<\/strong><\/p>\n<p><em>Caprice-\u00c9tude<\/em><\/p>\n<p>raffinement oblige&#8230;<\/p>\n<p>&nbsp;<\/p>\n<p>C\u00e9cile Chaminade<\/p>\n<p>Caprice-\u00c9tude, op. 4 (1878); Guitare &#8211; Caprice, op. 32 (~ 1885)<\/p>\n<p><a href=\"https:\/\/youtu.be\/VyHX6PCoYQw\">\u00c9tude Romantique, op. 132 (1909)<\/a><\/p>\n<p>&nbsp;<\/p>\n<p>Felix Mendelssohn-Bartholdy<\/p>\n<p>(1809 &#8211; 1847)<\/p>\n<p><a href=\"https:\/\/youtu.be\/7UJEAdVvLxs\">Trois Caprices pour le Pianoforte, op. 33 (1833-35)<\/a><\/p>\n<p>Adagio, quasi fantasia &#8211; Presto agitato.&nbsp; Allegro grazioso.&nbsp; Adagio. Presto con fuoco.<\/p>\n<p>&nbsp;<\/p>\n<p>C\u00e9cile Chaminade<\/p>\n<p><a href=\"https:\/\/youtu.be\/AeaB6v6iHOA\">Six \u00c9tudes de Concert pour Piano, op. 35 (~1885\/86)<\/a><\/p>\n<p>Scherzo.&nbsp; Automne.&nbsp; Fileuse.&nbsp; Allegro appassionato.&nbsp; Imprompt\u00fa.&nbsp; Tarentelle.<\/p>\n<p>&nbsp;<\/p>\n<p>M\u00f6ge das Fr\u00e4ulein Corona unser bis dorten barmherzig sein&#8230;<\/p>\n<p>&nbsp;<\/p>\n<p>&nbsp;<\/p>\n<p>&nbsp;<\/p>\n<p>&nbsp;<\/p>\n<p><strong>25.06. &#8217;22<\/strong><\/p>\n<p><em><strong>Benefizkonzert zugunsten der &#8218;<a href=\"https:\/\/www.kinderhilfe-afghanistan.de\/\">Kinderhilfe Afghanistan&#8216;<\/a><\/strong><\/em><\/p>\n<p><em><strong>Schlo\u00df S\u00fcnching, Rokokosaal, 93104 S\u00fcnching<\/strong><\/em><\/p>\n<p>&nbsp;<\/p>\n<p>Mit gro\u00dfz\u00fcgiger Unterst\u00fctzung von Baron Johann Carl von Hoenning O&#8217;Carroll &amp; des Regensburger Cartellverbands, findet das Gipfeltretten 3er Amazonen der (Klavier-)Musikgeschichte in Schlo\u00df S\u00fcnching statt.<\/p>\n<p>Ein au\u00dfergew\u00f6hnliches Ereignis, wof\u00fcr Nageeb allen Beteiligten unendlich dankbar ist.<\/p>\n<p>&nbsp;<\/p>\n<p>Clara Schumann<\/p>\n<p>Scherzo No. 2, op. 14 (1841)<\/p>\n<p>&nbsp;<\/p>\n<p>C\u00e9cile Chaminade:<\/p>\n<p>Menuet, op. 5 (1878)<\/p>\n<p>Berceuse, op. 6 (1878)<\/p>\n<p>Libellules, op. 24 (1880)<\/p>\n<p>&nbsp;<\/p>\n<p>Galina Ustvolskaya<\/p>\n<p>Sonate f\u00fcr Violine &amp; Klavier (1952)<\/p>\n<p><em>Claudia B\u00f6ckel, Violine; Eva Herrmann, Klavier<\/em><\/p>\n<p>&nbsp;<\/p>\n<p>Klaviersonate No. 6 (1988)<\/p>\n<p><em>Nageeb Gardizi, Klavier<\/em><\/p>\n<p>&nbsp;<\/p>\n<p>C\u00e9cile Chaminade<\/p>\n<p>L\u00e9gende, op. 90&nbsp; (1898)<\/p>\n<p>Dans l&#8217;Ar\u00e8ne, op. 168&nbsp; (1927)<\/p>\n<p>&nbsp;<\/p>\n<p>6 \u00c9tudes de Concert pour Piano, op. 35 (~1885\/86)<\/p>\n<p>Scherzo.&nbsp; Automne.&nbsp; Fileuse.&nbsp; Appassionato.&nbsp; Imprompt\u00fa.&nbsp; Tarentelle.<\/p>\n<p>&nbsp;<\/p>\n<p>&nbsp;<\/p>\n<p>&nbsp;<\/p>\n<p>C\u00c9CILE CHAMINADE F\u00dcR DIE UKRAINE<\/p>\n<p><strong>Mlle Chaminade gastiert mit ihrer Musik ein weiteres Mal in D\u00fcsseldorf!!!<\/strong><\/p>\n<p>Neben dem gro\u00dfartigen ukrainischen Komponisten &amp; Pianisten Victor Kosenko, wird sich Mademoiselle Chaminade diesmal gleicherma\u00dfen als verf\u00fchrerische S\u00e4ngerin, wie auch als hei\u00dfbl\u00fctige T\u00e4nzerin zu erkennen geben. Eine unbeschreibliche Sch\u00f6nheit, welche Herzen aufbl\u00fchen l\u00e4\u00dft. La\u00dft sie Euch nicht entgehen!<\/p>\n<p>&nbsp;<\/p>\n<p>Samstag, 24. September 2022, 19h<\/p>\n<p>Palais Wittgenstein, Bilker Stra\u00dfe 7-9, 40219 D\u00fcsseldorf<\/p>\n<p>Kartenbestellung &amp; Reservierung via Mail \u00fcber&nbsp; karten@fwi-d.de,<\/p>\n<p>oder an der Abendkasse<\/p>\n<p><a href=\"https:\/\/www.fluechtlinge-willkommen-in-duesseldorf.de\/\">https:\/\/www.fluechtlinge-willkommen-in-duesseldorf.de\/<\/a><\/p>\n<p>&nbsp;<\/p>\n<p><strong>C\u00e9cile Chaminade<\/strong><\/p>\n<p><strong>La Morena, op. 67 (~1892); Lolita, op. 54 (1890)<\/strong><\/p>\n<p>&nbsp;<\/p>\n<p><strong>Victor Kosenko<\/strong><\/p>\n<p><strong>Passacaglia g-moll, aus dem Klavierzyklus <\/strong><\/p>\n<p><strong>&#8217;11 Et\u00fcden in alten Tanzformen&#8216;, op. 19 (1927 &#8211; 29)<\/strong><\/p>\n<p>&nbsp;<\/p>\n<p>&nbsp;<\/p>\n<p>&nbsp;<\/p>\n<p>&nbsp;<\/p>\n<p>EILMELDUNG<\/p>\n<p><strong>Mme Chaminade zu Gast in D\u00fcsseldorf!!!<\/strong><\/p>\n<p>Der dunkle Schatten eines gewissen &#8218;Monsieur Chopin&#8216; folgt ihr dabei;-)<\/p>\n<p>Samstag, 13. November 2021, 16h &amp; 19h (zwei Konzerte!)<\/p>\n<p>Palais Wittgenstein, Bilker Stra\u00dfe 7-9, 40219 D\u00fcsseldorf<\/p>\n<p>Kartenbestellung &amp; Reservierung via Mail \u00fcber&nbsp; karten@fwi-d.de,<\/p>\n<p>oder an der Abendkasse<\/p>\n<p><a href=\"https:\/\/feedback.facebook.com\/events\/658589581789081\/\">https:\/\/feedback.facebook.com\/events\/658589581789081\/<\/a><\/p>\n<p>&nbsp;<\/p>\n<p><strong>C\u00e9cile Chaminade<\/strong><\/p>\n<p><strong>Berceuse pour le petit Soldat bless\u00e9, op. 156 (1919)<\/strong><\/p>\n<p>&nbsp;<\/p>\n<p><strong>Fr\u00e9d\u00e9ric Chopin<\/strong><\/p>\n<p><strong>Sonate No.2 pour le Pianoforte, op. 35 (1837-39)<\/strong><\/p>\n<p>&nbsp;<\/p>\n<p>Es ist endlich soweit: Im Andenken der zahlreichen Opfer dieser pandemischen Zeiten, darf Nageeb Mme Chaminade mit einem&nbsp; Kleinod ihres sp\u00e4ten Klavierwerks musikalisch ehren.<\/p>\n<p>Sie wird mit ihrer Musik den Menschen auch heute noch Trost spenden k\u00f6nnen &#8211; so, wie sie es zu Lebzeiten konnte.<\/p>\n<p>Kommt zahlreich, diese Kl\u00e4nge machen reich!<\/p>\n<p>&nbsp;<\/p>\n<p>&nbsp;<\/p>\n<p>Hier aber ersteinmal einige Eindr\u00fccke einer gro\u00dfartigen Begegnung.<\/p>\n<p>&nbsp;<\/p>\n<p>H\u00f6ret, Sehet &amp; Staunet!<\/p>\n<p>&nbsp;<\/p>\n<p>&nbsp;<\/p>\n<p><iframe loading=\"lazy\" title=\"mlle chaminade&#039;s earlie diademas...1878\" width=\"500\" height=\"281\" src=\"https:\/\/www.youtube.com\/embed\/t2HoPVhtM6Y?feature=oembed\" frameborder=\"0\" allow=\"accelerometer; autoplay; clipboard-write; encrypted-media; gyroscope; picture-in-picture; web-share\" referrerpolicy=\"strict-origin-when-cross-origin\" allowfullscreen><\/iframe><\/p>\n<p>&nbsp;<\/p>\n<p>&nbsp;<\/p>\n<p><iframe loading=\"lazy\" title=\"mlle chaminade&#039;s po\u00e8mes \u00e9lev\u00e9es...\" width=\"500\" height=\"281\" src=\"https:\/\/www.youtube.com\/embed\/0mc1JlmczZk?feature=oembed\" frameborder=\"0\" allow=\"accelerometer; autoplay; clipboard-write; encrypted-media; gyroscope; picture-in-picture; web-share\" referrerpolicy=\"strict-origin-when-cross-origin\" allowfullscreen><\/iframe><\/p>\n<p>&nbsp;<\/p>\n<p><iframe loading=\"lazy\" title=\"mme chaminade sur l&#039;amour vague...\" width=\"500\" height=\"281\" src=\"https:\/\/www.youtube.com\/embed\/4aFyP6tBQZY?feature=oembed\" frameborder=\"0\" allow=\"accelerometer; autoplay; clipboard-write; encrypted-media; gyroscope; picture-in-picture; web-share\" referrerpolicy=\"strict-origin-when-cross-origin\" allowfullscreen><\/iframe><\/p>\n<p><iframe loading=\"lazy\" title=\"mme chaminade in lux aeterna...\" width=\"500\" height=\"281\" src=\"https:\/\/www.youtube.com\/embed\/Sm_ySUT57A0?feature=oembed\" frameborder=\"0\" allow=\"accelerometer; autoplay; clipboard-write; encrypted-media; gyroscope; picture-in-picture; web-share\" referrerpolicy=\"strict-origin-when-cross-origin\" allowfullscreen><\/iframe><\/p>\n<p><iframe loading=\"lazy\" title=\"Mlle Chaminade et ses souris audacieux...\" width=\"500\" height=\"281\" src=\"https:\/\/www.youtube.com\/embed\/aWDepz4_qXw?feature=oembed\" frameborder=\"0\" allow=\"accelerometer; autoplay; clipboard-write; encrypted-media; gyroscope; picture-in-picture; web-share\" referrerpolicy=\"strict-origin-when-cross-origin\" allowfullscreen><\/iframe><\/p>\n<p><iframe loading=\"lazy\" title=\"Mlle Chaminade s&#039;eveille...\" width=\"500\" height=\"281\" src=\"https:\/\/www.youtube.com\/embed\/5e0qOnNFnTw?feature=oembed\" frameborder=\"0\" allow=\"accelerometer; autoplay; clipboard-write; encrypted-media; gyroscope; picture-in-picture; web-share\" referrerpolicy=\"strict-origin-when-cross-origin\" allowfullscreen><\/iframe><\/p>\n<p><iframe loading=\"lazy\" title=\"mme chaminade sur le pass\u00e9 compos\u00e9...1898\" width=\"500\" height=\"281\" src=\"https:\/\/www.youtube.com\/embed\/Cfl7dVt0vNo?feature=oembed\" frameborder=\"0\" allow=\"accelerometer; autoplay; clipboard-write; encrypted-media; gyroscope; picture-in-picture; web-share\" referrerpolicy=\"strict-origin-when-cross-origin\" allowfullscreen><\/iframe><\/p>\n<p><iframe loading=\"lazy\" title=\"mme chaminade et sa originalit\u00e9...op. 120\" width=\"500\" height=\"281\" src=\"https:\/\/www.youtube.com\/embed\/5qG0OBBTIBo?feature=oembed\" frameborder=\"0\" allow=\"accelerometer; autoplay; clipboard-write; encrypted-media; gyroscope; picture-in-picture; web-share\" referrerpolicy=\"strict-origin-when-cross-origin\" allowfullscreen><\/iframe><\/p>\n","protected":false},"excerpt":{"rendered":"<p>In Zeiten pandemischer Irrungen &amp; Wirrungen wurde Nageeb ein besonders Gl\u00fcck zuteil, welches er mit Euch allen teilen m\u00f6chte. Selten geschieht es in nur einem Leben, da\u00df ein Mann einer Frau begegnet (oder eben auch vice versa), um zu bleiben. &nbsp; &nbsp; Ist es m\u00f6glich, da\u00df Mann &amp; Frau sich in einem Menschen vereinen? Kann [&hellip;]<\/p>\n","protected":false},"author":4,"featured_media":0,"parent":1203,"menu_order":0,"comment_status":"closed","ping_status":"closed","template":"","meta":{"ngg_post_thumbnail":0,"footnotes":""},"class_list":["post-1653","page","type-page","status-publish","hentry"],"_links":{"self":[{"href":"https:\/\/www.nageebgardizi.com\/index.php?rest_route=\/wp\/v2\/pages\/1653","targetHints":{"allow":["GET"]}}],"collection":[{"href":"https:\/\/www.nageebgardizi.com\/index.php?rest_route=\/wp\/v2\/pages"}],"about":[{"href":"https:\/\/www.nageebgardizi.com\/index.php?rest_route=\/wp\/v2\/types\/page"}],"author":[{"embeddable":true,"href":"https:\/\/www.nageebgardizi.com\/index.php?rest_route=\/wp\/v2\/users\/4"}],"replies":[{"embeddable":true,"href":"https:\/\/www.nageebgardizi.com\/index.php?rest_route=%2Fwp%2Fv2%2Fcomments&post=1653"}],"version-history":[{"count":81,"href":"https:\/\/www.nageebgardizi.com\/index.php?rest_route=\/wp\/v2\/pages\/1653\/revisions"}],"predecessor-version":[{"id":1991,"href":"https:\/\/www.nageebgardizi.com\/index.php?rest_route=\/wp\/v2\/pages\/1653\/revisions\/1991"}],"up":[{"embeddable":true,"href":"https:\/\/www.nageebgardizi.com\/index.php?rest_route=\/wp\/v2\/pages\/1203"}],"wp:attachment":[{"href":"https:\/\/www.nageebgardizi.com\/index.php?rest_route=%2Fwp%2Fv2%2Fmedia&parent=1653"}],"curies":[{"name":"wp","href":"https:\/\/api.w.org\/{rel}","templated":true}]}}