{"id":1481,"date":"2019-01-04T10:47:12","date_gmt":"2019-01-04T10:47:12","guid":{"rendered":"http:\/\/www.nageebgardizi.com\/website\/?page_id=1481"},"modified":"2019-12-15T10:04:42","modified_gmt":"2019-12-15T10:04:42","slug":"chiarinas-2019","status":"publish","type":"page","link":"https:\/\/www.nageebgardizi.com\/website\/?page_id=1481","title":{"rendered":"Zilia&#8217;s 2019"},"content":{"rendered":"<p><a href=\"http:\/\/www.nageebgardizi.com\/website\/?attachment_id=1483\" rel=\"attachment wp-att-1483\"><img loading=\"lazy\" decoding=\"async\" class=\"alignleft size-medium wp-image-1483\" src=\"http:\/\/www.nageebgardizi.com\/wp-content\/uploads\/2011\/11\/ClaraWieck_15Jahre-224x300.jpg\" alt=\"\" width=\"224\" height=\"300\" srcset=\"https:\/\/www.nageebgardizi.com\/wp-content\/uploads\/2011\/11\/ClaraWieck_15Jahre-224x300.jpg 224w, https:\/\/www.nageebgardizi.com\/wp-content\/uploads\/2011\/11\/ClaraWieck_15Jahre.jpg 299w\" sizes=\"auto, (max-width: 224px) 100vw, 224px\" \/><\/a><\/p>\n<p>&nbsp;<\/p>\n<p>Frau k.u.k Kammervirtuosin Clara W. wird 200!!!<\/p>\n<p>Ein stolze&#8217;s Alter f\u00fcr eine Frau, die zeitleleben&#8217;s nur gek\u00e4mpft &amp; gelitten hat.<\/p>\n<p>Eine unbeschwerte Heldin, in Zeiten von Pest &amp; Cholera.<\/p>\n<p>Ein immer junge&#8217;s, dabei tugendhafte&#8217;s Wesen, was dem Hier &amp; Jetzt immer offen gegen\u00fcberstand.<\/p>\n<p>Eine Sonne, die sich mit einem Mond verm\u00e4hlte.<\/p>\n<p>Ein Leben, was mit einem Traum zusammenkam.<\/p>\n<p>Eine Frau, die sich ihr Selbst ein Leben lang erhalten konnte.<\/p>\n<p>&nbsp;<\/p>\n<p>Danke f\u00fcr das alle&#8217;s, liebe Clara!<\/p>\n<p>Nageeb m\u00f6chte Dich in Deinem Ehrenjahr auf seine Weise w\u00fcrdigen &amp; hofft, dich endlich mal besser kennenzulernen \ud83d\ude09<\/p>\n<p>Wer das auch m\u00f6chte, sei herzlich zu den Treffen eingeladen!<\/p>\n<p>&nbsp;<\/p>\n<p>Samstag, 16. M\u00e4rz 2019, 14, 17 &amp; 20h (3 Konzertbl\u00f6cke), Bechstein-Centrum im Stilwerk, Gr\u00fcnstra\u00dfe 15, 40212 D\u00fcsseldorf<\/p>\n<p>Clara&#8217;s opp. 3 &amp; 11, sowie Robert&#8217;s op. 14, in der 5-s\u00e4tzigen Fassung von 1836.<\/p>\n<p>Block-, oder Tageskarten an der Abendkasse erh\u00e4ltlich.<\/p>\n<p>&nbsp;<\/p>\n<p>&nbsp;<\/p>\n<p>Sonntag, 22. September 2019, 18h (Einf\u00fchrung um 17.30h), Clara &#8211; ein Wunder an Kind<\/p>\n<p>Pauluskirche Krefeld, Moritzplatz, 47803 Krefeld<\/p>\n<p>Clara&#8217;s opp. 3, 6, 5 &amp; 8<\/p>\n<p><a href=\"https:\/\/www.youtube.com\/watch?v=tNcTmNrU_OY\">Romance vari\u00e9e pour le pianoforte, op. 3<\/a> (1831-33, d\u00e9di\u00e9e \u00e1 Monsieur Robert Schumann)<\/p>\n<p><a href=\"https:\/\/www.youtube.com\/watch?v=ickJC57cLT0\">Quatre Pi\u00e9ces charact\u00e9ristiques pour le pianoforte, op. 5<\/a> (1834-36, d\u00e9di\u00e9es \u00e1 Mme Sophie Kaskel)<\/p>\n<p><a href=\"https:\/\/www.youtube.com\/watch?v=oWe2w7yTs6o\">Soir\u00e9es musicales, op. 6<\/a> (1834-36, d\u00e9di\u00e9es \u00e1 Mme Henriette Voigt)<\/p>\n<p><a href=\"https:\/\/www.youtube.com\/watch?v=7ujDN70h-HE\">Variations de Concert pour le Piano sur la Cavatina du &#8218;Pirate&#8216; de V. Bellini, op. 8<\/a> (1837-39)<\/p>\n<p>Bevor das Fr\u00e4ulein Clara Wieck zu Zilia wurde. Ein humorvolle&#8217;s, neckische&#8217;s, excessiv-wohlerzogene&#8217;s, dabei aber phasenweise hoffnungslos unsichere&#8217;s Kind, welche&#8217;s gefallen wollte, ohne immer vorbereitet sein zu m\u00fc\u00dfen. M\u00e4nner z\u00e4hlten noch nicht, es sei denn, sie standen im Weg&#8230;oder bahnten ihn&#8230;<\/p>\n<p>&nbsp;<\/p>\n<p>Sonntag, 29. September 2019, 14h, Clara-Marathon<\/p>\n<p>Bechstein-Centrum K\u00f6ln, Glockengasse 6, 50667 K\u00f6ln<\/p>\n<p>Clara&#8217;s opp. 3 &amp; 11, Robert&#8217;s &#8218;Grande Sonate&#8216;, op. 14<\/p>\n<p>Kartenvorbestellung: koeln@bechstein.de, oder an der Abendkasse<\/p>\n<p>&nbsp;<\/p>\n<p>Sonntag, 06. Oktober 2019, 17h, Glasmalerei-Museum Linnich, <a href=\"https:\/\/www.glasmalerei-museum.de\/veranstaltungen\/konzerte-lesungen-theater\/clara-und-robert-schumann-ein-konzert-zum-200-geburtstag-von-clara\">Linnicher Kultursommer<\/a><\/p>\n<p>Christoph Dohr, Moderation<\/p>\n<p>Clara&#8217;s opp. 3 &amp; 11, Robert&#8217;s opp. 5 (Fassung von 1833) &amp; 9.<\/p>\n<p>Zilia hatte meist ihre Bedenken. Estrella war nicht minder verzweifelt. Florestan &amp; Eusebius aber liebten nun mal beide &amp; verewigten&nbsp; beide Engel in &amp; f\u00fcr sich. Eilt herbei &amp; erlebt!<\/p>\n<p>&nbsp;<\/p>\n<p>&nbsp;<\/p>\n<p>&nbsp;<\/p>\n<p>Sonntag, 03. November 2019, 18h (Einf\u00fchrung um 17.30h), Clara &amp; der blonde Johannes<\/p>\n<p>Pauluskirche Krefeld, Moritzplatz, 47803 Krefeld<\/p>\n<p>Clara&#8217;s opp. 20 &amp; 21, Brahms&#8216; op. 2, Lisztische Paganiniana&#8217;s von 1838&#8230;<\/p>\n<p>Franz gratuliert Clara auf lisztische Art &amp; Weise zu ihrer Kr\u00f6nung.<\/p>\n<p>Clara&#8217;s D\u00fcsseldorf wurde von Robert umnachtet, so hei\u00dft es&#8230; Johannes kam als blonder J\u00fcngling, wie von Gott gesandt, um zu vereinen. Robert&#8217;s Geist spu(c)kte aus der Ferne, w\u00e4hrend Clara &amp; der J\u00fcngling einander in die Fluten schauten. Aus der Ferne reicht Franz der &#8218;g\u00f6ttlichen Clara&#8216; die pianistische Hand&#8230;<\/p>\n<p><a href=\"https:\/\/www.youtube.com\/watch?v=HX4bNXHYjkw\">Variationen \u00fcber ein Thema von Robert Schumann op. 20<\/a>, f\u00fcr das Pianoforte (1853, ihm gewidmet)<\/p>\n<p><a href=\"https:\/\/www.youtube.com\/watch?v=u5lUV2OYkQw\">3 Romanzen op. 21<\/a>, f\u00fcr das Pianoforte (1853\/55, Johannes Brahms zugeeignet)<\/p>\n<p><a href=\"https:\/\/www.youtube.com\/watch?v=BkZGZJ_jKzc\">Sonate in fis-moll, op. 2<\/a>, f\u00fcr das Pianoforte (1852\/53, Clara Schumann verehrend zugeeignet)<\/p>\n<p>&nbsp;<\/p>\n<p>&nbsp;<\/p>\n<p>&nbsp;<\/p>\n<p>Samstag, 07. Dezember 2019, <a href=\"https:\/\/www.youtube.com\/watch?v=Cvcd9K1AttQ\">&#8218;Hommage \u00e1 Clara&#8216;<\/a><\/p>\n<p><a href=\"http:\/\/www.schumann-zwickau.de\">Schumannhaus Zwickau<\/a>, Hauptmarkt 5, 08056 Zwickau<\/p>\n<p>Clara&#8217;s opp. 8 &amp; 21, Liszt&#8217;s Paganiniana von 1838, Brahms&#8216; op. 2<\/p>\n<p>&nbsp;<\/p>\n<p>&nbsp;<\/p>\n<p>Das Fr\u00e4ulein Wieck &amp; Monsieur Liszt haben oft miteinander &#8218;gespielt&#8216;. Der pianistische Hexenmeister Paganini&#8217;s fand Gefallen an Clara&#8217;s weiblicher Akrobatik &amp; verehrte ihr, in liebevoller Hochachtung, einige m\u00e4nnliche Muskelspielchen f\u00fcr ihr zarte&#8217;s Gem\u00fct. Sie lie\u00df ihn verwirrt zur\u00fcck&#8230;Brahms konnte ihn einfach nicht leiden, fand aber in Frau Schumann ein 1ste&#8217;s Licht. Verehrend beschenkte er sie mit seinen jugendlich-daemonischen Fragen &amp; erhielt prompt reife Antworten&#8230;<\/p>\n<p>&nbsp;<\/p>\n<p>&nbsp;<\/p>\n<p>&nbsp;<\/p>\n<p>&nbsp;<\/p>\n<p>&nbsp;<\/p>\n<p>&nbsp;<\/p>\n","protected":false},"excerpt":{"rendered":"<p>&nbsp; Frau k.u.k Kammervirtuosin Clara W. wird 200!!! Ein stolze&#8217;s Alter f\u00fcr eine Frau, die zeitleleben&#8217;s nur gek\u00e4mpft &amp; gelitten hat. Eine unbeschwerte Heldin, in Zeiten von Pest &amp; Cholera. Ein immer junge&#8217;s, dabei tugendhafte&#8217;s Wesen, was dem Hier &amp; Jetzt immer offen gegen\u00fcberstand. Eine Sonne, die sich mit einem Mond verm\u00e4hlte. Ein Leben, was [&hellip;]<\/p>\n","protected":false},"author":4,"featured_media":0,"parent":1250,"menu_order":0,"comment_status":"closed","ping_status":"closed","template":"","meta":{"ngg_post_thumbnail":0,"footnotes":""},"class_list":["post-1481","page","type-page","status-publish","hentry"],"_links":{"self":[{"href":"https:\/\/www.nageebgardizi.com\/index.php?rest_route=\/wp\/v2\/pages\/1481","targetHints":{"allow":["GET"]}}],"collection":[{"href":"https:\/\/www.nageebgardizi.com\/index.php?rest_route=\/wp\/v2\/pages"}],"about":[{"href":"https:\/\/www.nageebgardizi.com\/index.php?rest_route=\/wp\/v2\/types\/page"}],"author":[{"embeddable":true,"href":"https:\/\/www.nageebgardizi.com\/index.php?rest_route=\/wp\/v2\/users\/4"}],"replies":[{"embeddable":true,"href":"https:\/\/www.nageebgardizi.com\/index.php?rest_route=%2Fwp%2Fv2%2Fcomments&post=1481"}],"version-history":[{"count":26,"href":"https:\/\/www.nageebgardizi.com\/index.php?rest_route=\/wp\/v2\/pages\/1481\/revisions"}],"predecessor-version":[{"id":1492,"href":"https:\/\/www.nageebgardizi.com\/index.php?rest_route=\/wp\/v2\/pages\/1481\/revisions\/1492"}],"up":[{"embeddable":true,"href":"https:\/\/www.nageebgardizi.com\/index.php?rest_route=\/wp\/v2\/pages\/1250"}],"wp:attachment":[{"href":"https:\/\/www.nageebgardizi.com\/index.php?rest_route=%2Fwp%2Fv2%2Fmedia&parent=1481"}],"curies":[{"name":"wp","href":"https:\/\/api.w.org\/{rel}","templated":true}]}}